e
Is 3 a factor of 40?
False
Is 28590 a multiple of 171?
False
Is 1858 even?
True
Is 29 a factor of 175?
False
Does 94 divide 8836?
True
Does 77 divide 1771?
True
Does 175 divide 1575?
True
Does 34 divide 152?
False
Is 86 a multiple of 9?
False
Is 3485 a multiple of 10?
False
Is 4324 a multiple of 94?
True
Is 51 a factor of 2499?
True
Does 39 divide 8572?
False
Is 3 a factor of 1008?
True
Is 24882 a multiple of 29?
True
Does 69 divide 23667?
True
Does 81 divide 4067?
False
Is 12078 a multiple of 16?
False
Is 6 a factor of 35547?
False
Is 7169 a multiple of 26?
False
Is 37 a factor of 962?
True
Is 861 a multiple of 16?
False
Is 13 a factor of 15219?
False
Does 113 divide 6723?
False
Does 52 divide 1456?
True
Is 72 a factor of 45648?
True
Is 10 a factor of 160?
True
Is 4 a factor of 3774?
False
Is 112 a multiple of 2?
True
Is 3 a factor of 281?
False
Is 28 a factor of 120?
False
Does 64 divide 37184?
True
Is 190 a multiple of 14?
False
Does 21 divide 5028?
False
Does 78 divide 892?
False
Is 561 a multiple of 8?
False
Is 15 a factor of 420?
True
Is 20 a factor of 760?
True
Is 59175 a multiple of 75?
True
Is 1081 a multiple of 29?
False
Is 15 a factor of 3567?
False
Does 26 divide 49079?
False
Does 19 divide 4674?
True
Is 63 a factor of 22743?
True
Does 40 divide 67800?
True
Does 11 divide 4598?
True
Is 28182 a multiple of 22?
True
Is 2590 a multiple of 107?
False
Does 32 divide 512?
True
Does 32 divide 718?
False
Is 158 a multiple of 22?
False
Is 3304 even?
True
Is 77 a factor of 1633?
False
Is 9 a factor of 4068?
True
Is 109 a factor of 85456?
True
Does 11 divide 4829?
True
Does 10 divide 1200?
True
Is 16 a factor of 1411?
False
Does 133 divide 28595?
True
Does 4 divide 590?
False
Is 89 a multiple of 11?
False
Does 92 divide 197?
False
Does 6 divide 1646?
False
Does 41 divide 41?
True
Is 15 a factor of 10543?
False
Does 47 divide 282?
True
Does 8 divide 58?
False
Is 44 a factor of 19746?
False
Is 15 a factor of 885?
True
Does 117 divide 16774?
False
Does 28 divide 504?
True
Is 46 a factor of 22724?
True
Does 17 divide 5984?
True
Is 74 a factor of 2294?
True
Is 434 a multiple of 38?
False
Is 17815 a multiple of 12?
False
Is 2773 a multiple of 59?
True
Does 47 divide 7285?
True
Does 16 divide 3650?
False
Is 847 a multiple of 14?
False
Is 5495 a multiple of 13?
False
Does 13 divide 1705?
False
Is 517 a multiple of 11?
True
Is 839 a multiple of 110?
False
Does 95 divide 47880?
True
Is 5 a factor of 355?
True
Is 117 a factor of 28548?
True
Is 10 a factor of 49?
False
Is 8 a factor of 2069?
False
Is 50 a factor of 250?
True
Is 12 a factor of 2466?
False
Is 54458 a multiple of 35?
False
Is 11 a factor of 18172?
True
Does 80 divide 16917?
False
Is 18257 a multiple of 30?
False
Is 1128 a multiple of 29?
False
Is 4245 a multiple of 5?
True
Does 17 divide 2273?
False
Is 16317 a multiple of 21?
True
Is 9475 a multiple of 25?
True
Is 6731 a multiple of 252?
False
Does 19 divide 14782?
True
Does 4 divide 640?
True
Does 12 divide 2340?
True
Does 3 divide 1581?
True
Is 10074 a multiple of 13?
False
Is 42476 a multiple of 37?
True
Does 68 divide 1099?
False
Does 35 divide 1050?
True
Does 36 divide 22745?
False
Does 92 divide 3956?
True
Is 6251 a multiple of 13?
False
Does 38 divide 10830?
True
Is 15 a factor of 4666?
False
Is 10613 a multiple of 34?
False
Does 16 divide 29075?
False
Is 24 a factor of 42798?
False
Is 18 a factor of 558?
True
Is 11739 a multiple of 7?
True
Does 13 divide 2469?
False
Does 5 divide 6459?
False
Is 1781 a multiple of 100?
False
Is 17 a factor of 374?
True
Does 22 divide 92?
False
Is 2429 a multiple of 130?
False
Does 57 divide 1482?
True
Does 294 divide 50568?
True
Is 24 a factor of 24?
True
Is 968 a multiple of 18?
False
Is 7 a factor of 4189?
False
Is 56 a factor of 19175?
False
Does 2 divide 3248?
True
Is 5048 a multiple of 85?
False
Does 13 divide 235?
False
Is 30 a factor of 1268?
False
Does 11 divide 4686?
True
Is 447 a multiple of 2?
False
Is 115 a factor of 15664?
False
Is 35 a factor of 32130?
True
Does 22 divide 504?
False
Does 4 divide 200?
True
Is 800 a multiple of 25?
True
Is 709 a multiple of 18?
False
Is 673 a multiple of 10?
False
Is 18 a factor of 360?
True
Is 14760 a multiple of 180?
True
Does 11 divide 9581?
True
Is 531 a multiple of 53?
False
Does 26 divide 11544?
True
Is 5 a factor of 387?
False
Is 11 a factor of 50765?
True
Is 988 a multiple of 46?
False
Is 8 a factor of 1552?
True
Is 69 a factor of 18285?
True
Is 4 a factor of 380?
True
Is 8889 a multiple of 15?
False
Is 8 a factor of 1168?
True
Is 6 a factor of 28712?
False
Does 3 divide 12898?
False
Is 4292 a multiple of 74?
True
Does 32 divide 34688?
True
Is 6180 a multiple of 20?
True
Is 54 a factor of 1402?
False
Does 293 divide 36039?
True
Is 260 a factor of 89960?
True
Does 7 divide 31745?
True
Is 39 a factor of 7968?
False
Is 17 a factor of 25874?
True
Is 20 a factor of 127?
False
Is 3048 a multiple of 5?
False
Is 13 a factor of 332?
False
Is 5632 a multiple of 22?
True
Is 6 a factor of 1176?
True
Is 162254 a multiple of 31?
True
Does 82 divide 17909?
False
Is 10651 a multiple of 4?
False
Does 21 divide 15980?
False
Is 24548 a multiple of 13?
False
Is 15 a factor of 1245?
True
Is 492 a multiple of 9?
False
Is 83 a factor of 18232?
False
Is 627 a multiple of 47?
False
Is 1956 a multiple of 44?
False
Does 128 divide 7444?
False
Is 4849 a multiple of 36?
False
Is 14 a factor of 3990?
True
Is 28625 a multiple of 19?
False
Is 2652 a multiple of 15?
False
Does 42 divide 252?
True
Is 16456 a multiple of 11?
True
Is 4 a factor of 2406?
False
Is 5149 a multiple of 100?
False
Does 146 divide 4964?
True
Is 3484 a multiple of 44?
False
Is 6 a factor of 2928?
True
Does 19 divide 79078?
True
Does 39 divide 429?
True
Is 1014 a multiple of 4?
False
Is 4174 a multiple of 62?
False
Does 66 divide 990?
True
Does 21 divide 233?
False
Does 15 divide 3104?
False
Does 41 divide 15211?
True
Does 38 divide 15160?
False
Is 37 a factor of 145262?
True
Is 11121 a multiple of 10?
False
Does 12 divide 1200?
True
Is 14400 a multiple of 10?
True
Is 10920 a multiple of 13?
True
Does 46 divide 1616?
False
Is 16 a factor of 16144?
True
Does 71 divide 993?
False
Is 6 a factor of 276?
True
Is 878 even?
True
Is 12 a factor of 28368?
True
Is 3186 a multiple of 9?
True
Does 5 divide 6264?
False
Is 657 a multiple of 3?
True
Does 2 divide 1907?
False
Is 1245 a multiple of 8?
False
Is 561 a multiple of 10?
False
Is 84 a factor of 6300?
True
Is 1512 a multiple of 11?
False
Is 15 a factor of 37109?
False
Is 86 a factor of 23070?
False
Is 3874 a multiple of 13?
True
Does 21 divide 17098?
False
Is 19757 a multiple of 128?
False
Is 2310 a multiple of 110?
True
Is 2652 a multiple of 34?
True
Is 765 a multiple of 17?
True
Is 18384 a multiple of 91?
False
Is 42 a factor of 378?
True
Is 19 a factor of 8625?
False
Is 25 a factor of 775?
True
Is 9 a factor of 93?
False
Does 27 divide 1674?
True
Is 102 a multiple of 4?
False
Is 32 a factor of 128?
True
Does 4 divide 120?
True
Does 74 divide 5805?
False
Is 38416 a multiple of 49?
True
Is 34 a factor of 3638?
True
Is 3 a factor of 2655?
True
Does 41 divide 58448?
False
Is 4568 a multiple of 24?
False
Does 67 divide 18182?
False
Is 945 a multiple of 7?
True
Is 632 a multiple of 40?
False
Is 220 a multiple of 11?
True
Is 2 a factor of 67?
False
Does 4 divide 3343?
False
Is 4 a factor of 108?
True
Is 50 a factor of 50?
True
Does 100 divide 8100?
True
Is 17677 a multiple of 11?
True
Is 29 a factor of 2871?
True
Does 15 divide 26325?
True
Is 158 a multiple of 2?
True
Is 514 a multiple of 21?
False
Does 95 divide 37620?
True
Does 17 divide 1750?
False
Is 45 a factor of 57105?
True
Does 37 divide 8039?
False
Is 1505 a multiple of 17?
False
Is 20 a factor of 400?
True
Does 11 divide 176?
True
Is 337 a multiple of 26?
False
Does 55 divide 29963?
False
Is 4960 a multiple of 124?
True
Is 74030 a multiple of 55?
True
Is 14 a factor of 895?
False
Is 64 a factor of 5056?
True
Is 13 a factor of 129003?
False
Does 11 divide 13453?
True
Is 60 a factor of 19680?
True
Does 20 divide 300?
True
Is 82 a factor of 12710?
True
Does 18 divide 1266?
False
Is 40 a factor of 1440?
True
Is 6 a factor of 444?
True
Is 9 a factor of 81?
True
Is 40634 a multiple of 22?
True
Is 71 a facto